s the units digit of 1812?
2
What is the tens digit of 1426?
2
What is the hundreds digit of 2636?
6
What is the thousands digit of 1854?
1
What is the thousands digit of 7012?
7
What is the units digit of 2282?
2
What is the hundreds digit of 11657?
6
What is the units digit of 13796?
6
What is the hundreds digit of 663?
6
What is the thousands digit of 1106?
1
What is the hundreds digit of 6069?
0
What is the units digit of 83?
3
What is the tens digit of 1505?
0
What is the thousands digit of 5407?
5
What is the tens digit of 37319?
1
What is the hundreds digit of 30453?
4
What is the hundreds digit of 53725?
7
What is the hundreds digit of 43572?
5
What is the hundreds digit of 1011?
0
What is the thousands digit of 1606?
1
What is the units digit of 1033?
3
What is the tens digit of 14936?
3
What is the hundreds digit of 9475?
4
What is the thousands digit of 7936?
7
What is the hundreds digit of 2918?
9
What is the tens digit of 12675?
7
What is the tens digit of 93751?
5
What is the thousands digit of 1343?
1
What is the units digit of 2375?
5
What is the hundreds digit of 29415?
4
What is the ten thousands digit of 22904?
2
What is the units digit of 23895?
5
What is the thousands digit of 71927?
1
What is the thousands digit of 18798?
8
What is the units digit of 49337?
7
What is the thousands digit of 16827?
6
What is the thousands digit of 2400?
2
What is the units digit of 34569?
9
What is the ten thousands digit of 104504?
0
What is the thousands digit of 1730?
1
What is the tens digit of 5581?
8
What is the hundreds digit of 1141?
1
What is the hundreds digit of 20754?
7
What is the ten thousands digit of 30213?
3
What is the hundreds digit of 7690?
6
What is the tens digit of 1280?
8
What is the tens digit of 83108?
0
What is the hundreds digit of 569?
5
What is the hundreds digit of 534?
5
What is the tens digit of 481?
8
What is the hundreds digit of 6436?
4
What is the ten thousands digit of 52561?
5
What is the thousands digit of 36801?
6
What is the hundreds digit of 176677?
6
What is the units digit of 13115?
5
What is the thousands digit of 1145?
1
What is the units digit of 1021?
1
What is the tens digit of 204?
0
What is the units digit of 16448?
8
What is the tens digit of 290?
9
What is the tens digit of 31470?
7
What is the units digit of 1601?
1
What is the tens digit of 4672?
7
What is the thousands digit of 3128?
3
What is the ten thousands digit of 199169?
9
What is the tens digit of 234?
3
What is the hundreds digit of 88921?
9
What is the units digit of 6016?
6
What is the thousands digit of 5700?
5
What is the hundreds digit of 9918?
9
What is the tens digit of 2218?
1
What is the tens digit of 549?
4
What is the units digit of 959?
9
What is the tens digit of 12048?
4
What is the hundreds digit of 193?
1
What is the units digit of 14085?
5
What is the thousands digit of 1367?
1
What is the tens digit of 32752?
5
What is the hundreds digit of 1019?
0
What is the units digit of 2653?
3
What is the hundreds digit of 565?
5
What is the units digit of 1176?
6
What is the units digit of 44048?
8
What is the units digit of 641?
1
What is the tens digit of 7492?
9
What is the hundreds digit of 1741?
7
What is the ten thousands digit of 14759?
1
What is the units digit of 7539?
9
What is the thousands digit of 15153?
5
What is the thousands digit of 33980?
3
What is the units digit of 546?
6
What is the tens digit of 71226?
2
What is the thousands digit of 5693?
5
What is the thousands digit of 1392?
1
What is the tens digit of 45019?
1
What is the units digit of 14772?
2
What is the tens digit of 6858?
5
What is the thousands digit of 49549?
9
What is the hundreds digit of 29681?
6
What is the thousands digit of 4879?
4
What is the units digit of 3964?
4
What is the units digit of 58581?
1
What is the hundreds digit of 12532?
5
What is the hundreds digit of 4733?
7
What is the tens digit of 397?
9
What is the thousands digit of 2038?
2
What is the units digit of 5819?
9
What is the tens digit of 1993?
9
What is the hundreds digit of 7029?
0
What is the tens digit of 812?
1
What is the thousands digit of 4331?
4
What is the tens digit of 38358?
5
What is the ten thousands digit of 70981?
7
What is the tens digit of 1371?
7
What is the thousands digit of 43080?
3
What is the tens digit of 936?
3
What is the hundreds digit of 24124?
1
What is the hundreds digit of 6301?
3
What is the units digit of 63674?
4
What is the hundreds digit of 182?
1
What is the units digit of 634?
4
What is the units digit of 29364?
4
What is the units digit of 19030?
0
What is the units digit of 16425?
5
What is the ten thousands digit of 19783?
1
What is the thousands digit of 22391?
2
What is the ten thousands digit of 83231?
8
What is the tens digit of 1132?
3
What is the thousands digit of 4549?
4
What is the thousands digit of 9464?
9
What is the units digit of 4743?
3
What is the ten thousands digit of 22999?
2
What is the tens digit of 10345?
4
What is the hundreds digit of 33279?
2
What is the ten thousands digit of 14015?
1
What is the hundreds digit of 82174?
1
What is the hundreds digit of 8680?
6
What is the units digit of 58467?
7
What is the units digit of 2690?
0
What is the units digit of 107953?
3
What is the thousands digit of 70828?
0
What is the thousands digit of 1852?
1
What is the tens digit of 1851?
5
What is the ten thousands digit of 12255?
1
What is the tens digit of 9743?
4
What is the units digit of 266?
6
What is the thousands digit of 6311?
6
What is the thousands digit of 44277?
4
What is the units digit of 4410?
0
What is the units digit of 985?
5
What is the tens digit of 2308?
0
What is the thousands digit of 1400?
1
What is the hundreds digit of 144?
1
What is the units digit of 2009?
9
What is the tens digit of 3043?
4
What is the ten thousands digit of 10970?
1
What is the hundreds digit of 3297?
2
What is the units digit of 1473?
3
What is the hundreds digit of 26182?
1
What is the ten thousands digit of 32115?
3
What is the units digit of 16155?
5
What is the units digit of 3094?
4
What is the tens digit of 7837?
3
What is the units digit of 65772?
2
What is the units digit of 18527?
7
What is the units digit of 1799?
9
What is the units digit of 2623?
3
What is the units digit of 724?
4
What is the tens digit of 652?
5
What is the tens digit of 213?
1
What is the ten thousands digit of 23567?
2
What is the thousands digit of 10368?
0
What is the ten thousands digit of 13582?
1
What is the thousands digit of 13214?
3
What is the units digit of 997?
7
What is the tens digit of 393?
9
What is the tens digit of 141343?
4
What is the thousands digit of 2688?
2
What is the units digit of 916?
6
What is the hundreds digit of 811?
8
What is the units digit of 606?
6
What is the units digit of 46399?
9
What is the units digit of 910?
0
What is the tens digit of 1043?
4
What is the tens digit of 1219?
1
What is the ten thousands digit of 21328?
2
What is the tens digit of 7573?
7
What is the hundreds digit of 47096?
0
What is the hundreds digit of 63901?
9
What is the thousands digit of 5803?
5
What is the tens digit of 10207?
0
What is the ten thousands digit of 105308?
0
What is the tens digit of 37242?
4
What is the units digit of 13324?
4
What is the thousands digit of 138369?
8
What is the units digit of 2731?
1
What is the tens digit of 3709?
0
What is the thousands digit of 2300?
2
What is the tens digit of 1048?
4
What is the hundreds digit of 57239?
2
What is the tens digit of 21985?
8
What is the hundreds digit of 49569?
5
What is the ten thousands digit of 18657?
1
What is the tens digit of 1097?
9
What is the units digit of 819?
9
What is the tens digit of 24300?
0
What is the tens digit of 1017?
1
What is the hundreds digit of 4663?
6
What is the tens digit of 230?
3
What is the tens digit of 8776?
7
What is the hundreds digit of 16694?
6
What is the units digit of 124741?
1
What is the units digit of 6007?
7
What is the ten thousands digit of 27166?
2
What is the units digit of 142194?
4
What is the hundreds digit of 118310?
3
What is the thousands digit of 6977?
6
What is the thousands digit of 1491?
1
What is the tens digit of 181?
8
What is the hundreds digit of 49686?
6
What is the tens d